{"id":4953,"date":"2022-06-09T14:44:25","date_gmt":"2022-06-09T14:44:25","guid":{"rendered":"https:\/\/idf-fundazioa.eus\/maria-francisca-iturriaga-danobeitia-mary\/"},"modified":"2022-09-14T09:50:02","modified_gmt":"2022-09-14T09:50:02","slug":"maria-francisca-iturriaga-danobeitia-mary","status":"publish","type":"page","link":"https:\/\/idf-fundazioa.eus\/eu\/maria-francisca-iturriaga-danobeitia-mary\/","title":{"rendered":"Mar\u00eda Francisca Iturriaga Da\u00f1obeitia, Mary"},"content":{"rendered":"<div class=\"wpb-content-wrapper\"><p>[vc_row css=&#8221;.vc_custom_1655890070918{margin-top: 50px !important;margin-bottom: 70px !important;}&#8221;][vc_column][vc_column_text]Mar\u00eda Francisca Iturriaga Da\u00f1obeitia, Mary, Erandion jaio zen 1912ko urtarrilaren 22an. Aita Laukizko armadorea zen, eta ama, Loiuko baserritarra.<\/p>\n<p><img loading=\"lazy\" decoding=\"async\" class=\"alignright size-full wp-image-4954\" src=\"https:\/\/idf-fundazioa.eus\/wp-content\/uploads\/2022\/06\/mary.jpg\" alt=\"\" width=\"406\" height=\"418\" srcset=\"https:\/\/idf-fundazioa.eus\/wp-content\/uploads\/2022\/06\/mary.jpg 406w, https:\/\/idf-fundazioa.eus\/wp-content\/uploads\/2022\/06\/mary-291x300.jpg 291w\" sizes=\"auto, (max-width: 406px) 100vw, 406px\" \/>XX. mendearen hasieran, Bilboko jarduera ekonomikoari eta itsas trafikoari esker, Maryren aitak, C\u00e1ndido Iturriagak, ondare higiezina lortu zuen, Txorerrin eta Mungialdean maizterrak bota nahi zituzten jabeei baserriak erosiz. C\u00e1ndido-ren helburua baserri haien erabiltzaile historikoek euretan jarraitzea zen.<\/p>\n<p>Familia aberats eta aldi berean solidario batean hazi zen Mary. Jainkozalea zen, egoerarik larrienean zeudenei laguntzen zien, eta konpromiso politikoa zuen euskararekin eta Euskal Emakume Batzarekin; izan ere, elkarte horretako idazkaria izan zen Bilbon, 1936ko gerraren aurretik. Gerra piztu zenean, Frantziara erbesteratu zen, eta ondoren, Begikara. Bruselan, gizarte-laguntzaile gisa zeukan prestakuntzari esker, laguntza ordainezina eman ahal izan zion herrialde haietako euskal diasporari. 1946an, bere aita gaixotu eta hil egin zen. Mary, bihotzmin handiz, Bruselan egonik, ezin izan zen azken egun haietan aitaren ondoan izan.<\/p>\n<p>Maryren ezaugarriak zorroztasuna, eskuzabaltasuna eta irmotasuna ziren, eta sutsu egiten zien aurre erronkei.<\/p>\n<p>Euskadira itzuli zenean, Irungo \u201cPalmera\u201d fabrikan egin zuen lan (1957. eta 1958. urteetan), eta langile eta kristau giroetan mugitu zen; baztertu eta babesgabeei laguntzeko ahalegin berezia egin zuen. Urte haietan, alkoholikoak eta gaixo psikikoak osatzeko erdibideko etxeak interesatu zitzaizkion.<\/p>\n<p><img loading=\"lazy\" decoding=\"async\" class=\"maxwidth50 alignleft wp-image-4956 size-full\" src=\"https:\/\/idf-fundazioa.eus\/wp-content\/uploads\/2022\/06\/3.jpg\" alt=\"\" width=\"700\" height=\"395\" srcset=\"https:\/\/idf-fundazioa.eus\/wp-content\/uploads\/2022\/06\/3.jpg 700w, https:\/\/idf-fundazioa.eus\/wp-content\/uploads\/2022\/06\/3-300x169.jpg 300w\" sizes=\"auto, (max-width: 700px) 100vw, 700px\" \/>Mary-ren ama 1962an hil zenean, ahizpak eta Mary-k berak aitaren oinordetzan zegozkien ondasunak jaso ondoren, gerora Fundazioa izango zena lantzen hasi zen.<\/p>\n<p>1965eko apirilaren 20an, Mary-k Luciano Teijeiro Areetako (Getxo) notarioaren bulegora jo zuen, C\u00e1ndido Iturriaga eta Mar\u00eda Da\u00f1obeitia Fundazioa sortzeko; bere gurasoen oroimenez aukeratu zuen izen hori.<\/p>\n<p>Mary-k bere ondare eta finantza-ondasunak erabili nahi zituen helburu baten zerbitzura: Bizkaiko nekazarien ekoizpen eta bizi baldintzak hobetzea.<\/p>\n<p>Gerora Iturriaga Da\u00f1obeitia Fundazioa (IDF) deiturikoa erakunde misto gisa sortu zen (ongintza eta irakaskuntza erakundea ere baitzen), iraunkorra eta nortasun juridiko propioarekin; bere helbidea Asua-Erandion izanik jaio zen.[\/vc_column_text][\/vc_column][\/vc_row]<\/p>\n<\/div>","protected":false},"excerpt":{"rendered":"<p>[vc_row css=&#8221;.vc_custom_1655890070918{margin-top: 50px !important;margin-bottom: 70px !important;}&#8221;][vc_column][vc_column_text]Mar\u00eda Francisca Iturriaga Da\u00f1obeitia, Mary, Erandion jaio zen 1912ko urtarrilaren&#8230;<\/p>\n","protected":false},"author":2,"featured_media":0,"parent":0,"menu_order":0,"comment_status":"closed","ping_status":"closed","template":"","meta":{"om_disable_all_campaigns":false,"_monsterinsights_skip_tracking":false,"_monsterinsights_sitenote_active":false,"_monsterinsights_sitenote_note":"","_monsterinsights_sitenote_category":0,"footnotes":""},"class_list":["post-4953","page","type-page","status-publish","hentry"],"aioseo_notices":[],"_links":{"self":[{"href":"https:\/\/idf-fundazioa.eus\/eu\/wp-json\/wp\/v2\/pages\/4953","targetHints":{"allow":["GET"]}}],"collection":[{"href":"https:\/\/idf-fundazioa.eus\/eu\/wp-json\/wp\/v2\/pages"}],"about":[{"href":"https:\/\/idf-fundazioa.eus\/eu\/wp-json\/wp\/v2\/types\/page"}],"author":[{"embeddable":true,"href":"https:\/\/idf-fundazioa.eus\/eu\/wp-json\/wp\/v2\/users\/2"}],"replies":[{"embeddable":true,"href":"https:\/\/idf-fundazioa.eus\/eu\/wp-json\/wp\/v2\/comments?post=4953"}],"version-history":[{"count":3,"href":"https:\/\/idf-fundazioa.eus\/eu\/wp-json\/wp\/v2\/pages\/4953\/revisions"}],"predecessor-version":[{"id":4959,"href":"https:\/\/idf-fundazioa.eus\/eu\/wp-json\/wp\/v2\/pages\/4953\/revisions\/4959"}],"wp:attachment":[{"href":"https:\/\/idf-fundazioa.eus\/eu\/wp-json\/wp\/v2\/media?parent=4953"}],"curies":[{"name":"wp","href":"https:\/\/api.w.org\/{rel}","templated":true}]}}

María Francisca Iturriaga Dañobeitia, Mary

<div class="wpb-content-wrapper"><p>[vc_row css=&#8221;.vc_custom_1655890070918{margin-top: 50px !important;margin-bottom: 70px !important;}&#8221;][vc_column][vc_column_text]María Francisca Iturriaga Dañobeitia, Mary, Erandion jaio zen 1912ko urtarrilaren 22an. Aita Laukizko armadorea zen, eta ama, Loiuko baserritarra.</p>
<p><img loading="lazy" decoding="async" class="alignright size-full wp-image-4954" src="https://idf-fundazioa.eus/wp-content/uploads/2022/06/mary.jpg" alt="" width="406" height="418" srcset="https://idf-fundazioa.eus/wp-content/uploads/2022/06/mary.jpg 406w, https://idf-fundazioa.eus/wp-content/uploads/2022/06/mary-291x300.jpg 291w" sizes="auto, (max-width: 406px) 100vw, 406px" />XX. mendearen hasieran, Bilboko jarduera ekonomikoari eta itsas trafikoari esker, Maryren aitak, Cándido Iturriagak, ondare higiezina lortu zuen, Txorerrin eta Mungialdean maizterrak bota nahi zituzten jabeei baserriak erosiz. Cándido-ren helburua baserri haien erabiltzaile historikoek euretan jarraitzea zen.</p>
<p>Familia aberats eta aldi berean solidario batean hazi zen Mary. Jainkozalea zen, egoerarik larrienean zeudenei laguntzen zien, eta konpromiso politikoa zuen euskararekin eta Euskal Emakume Batzarekin; izan ere, elkarte horretako idazkaria izan zen Bilbon, 1936ko gerraren aurretik. Gerra piztu zenean, Frantziara erbesteratu zen, eta ondoren, Begikara. Bruselan, gizarte-laguntzaile gisa zeukan prestakuntzari esker, laguntza ordainezina eman ahal izan zion herrialde haietako euskal diasporari. 1946an, bere aita gaixotu eta hil egin zen. Mary, bihotzmin handiz, Bruselan egonik, ezin izan zen azken egun haietan aitaren ondoan izan.</p>
<p>Maryren ezaugarriak zorroztasuna, eskuzabaltasuna eta irmotasuna ziren, eta sutsu egiten zien aurre erronkei.</p>
<p>Euskadira itzuli zenean, Irungo “Palmera” fabrikan egin zuen lan (1957. eta 1958. urteetan), eta langile eta kristau giroetan mugitu zen; baztertu eta babesgabeei laguntzeko ahalegin berezia egin zuen. Urte haietan, alkoholikoak eta gaixo psikikoak osatzeko erdibideko etxeak interesatu zitzaizkion.</p>
<p><img loading="lazy" decoding="async" class="maxwidth50 alignleft wp-image-4956 size-full" src="https://idf-fundazioa.eus/wp-content/uploads/2022/06/3.jpg" alt="" width="700" height="395" srcset="https://idf-fundazioa.eus/wp-content/uploads/2022/06/3.jpg 700w, https://idf-fundazioa.eus/wp-content/uploads/2022/06/3-300x169.jpg 300w" sizes="auto, (max-width: 700px) 100vw, 700px" />Mary-ren ama 1962an hil zenean, ahizpak eta Mary-k berak aitaren oinordetzan zegozkien ondasunak jaso ondoren, gerora Fundazioa izango zena lantzen hasi zen.</p>
<p>1965eko apirilaren 20an, Mary-k Luciano Teijeiro Areetako (Getxo) notarioaren bulegora jo zuen, Cándido Iturriaga eta María Dañobeitia Fundazioa sortzeko; bere gurasoen oroimenez aukeratu zuen izen hori.</p>
<p>Mary-k bere ondare eta finantza-ondasunak erabili nahi zituen helburu baten zerbitzura: Bizkaiko nekazarien ekoizpen eta bizi baldintzak hobetzea.</p>
<p>Gerora Iturriaga Dañobeitia Fundazioa (IDF) deiturikoa erakunde misto gisa sortu zen (ongintza eta irakaskuntza erakundea ere baitzen), iraunkorra eta nortasun juridiko propioarekin; bere helbidea Asua-Erandion izanik jaio zen.[/vc_column_text][/vc_column][/vc_row]</p>
</div>

<p>[vc_row css=&#8221;.vc_custom_1655890070918{margin-top: 50px !important;margin-bottom: 70px !important;}&#8221;][vc_column][vc_column_text]María Francisca Iturriaga Dañobeitia, Mary, Erandion jaio zen 1912ko urtarrilaren&#8230;</p>
